, what is 10 - -100111110100000101111000111?
100111110100000101111001001
In base 14, what is -81 + -324b9?
-3255a
In base 3, what is 12 - -1011201010000221?
1011201010001010
In base 15, what is -1 + 90e5c8a?
90e5c89
In base 8, what is -2 - 3132574233?
-3132574235
In base 9, what is -141474 + 400?
-141074
In base 5, what is 2410 + -3111104?
-3103144
In base 10, what is -3551106 + -18?
-3551124
In base 9, what is -2112 - 21101?
-23213
In base 16, what is -310d7 - 1a8?
-3127f
In base 2, what is -10 + -111010011011111101111001001?
-111010011011111101111001011
In base 3, what is -1021111001022 - -212?
-1021111000110
In base 12, what is 16277 - -1182?
17439
In base 3, what is 11202010010010 - -2001?
11202010012011
In base 5, what is -222023220230 + 10?
-222023220220
In base 3, what is 2111 - -10000020022121?
10000020102002
In base 16, what is -f - 83b77?
-83b86
In base 13, what is -45406 - -4c9?
-44c0a
In base 8, what is -51760 + 2540?
-47220
In base 15, what is 4d - 4edc?
-4e8e
In base 7, what is -143656013 - 6?
-143656022
In base 14, what is -3 + -6bc752?
-6bc755
In base 6, what is 0 + 221543111?
221543111
In base 2, what is 110100101010111 - -10111010001?
110111100101000
In base 9, what is -13 + -385440018?
-385440032
In base 7, what is -100201144 - 1?
-100201145
In base 6, what is -434330 - -130331?
-303555
In base 7, what is 202616 - -561?
203510
In base 13, what is -19a287 - -1a?
-19a26a
In base 3, what is 11 + -201102110220?
-201102110202
In base 12, what is 1ba0 - -60bb?
809b
In base 10, what is 326576 + -63?
326513
In base 12, what is 65 - -216ba?
21763
In base 11, what is -314580 - 93?
-314663
In base 7, what is 15446 + 226015?
244464
In base 12, what is 75a + -159225?
-158687
In base 10, what is -20 + 149324?
149304
In base 15, what is -3cc - -54cc6?
548e9
In base 10, what is 14106 + 92?
14198
In base 11, what is -897 + -326a6?
-33492
In base 5, what is -2024333 + -1341?
-2031224
In base 12, what is -2647bb91 + -4?
-2647bb95
In base 8, what is -5745 + -135603?
-143550
In base 4, what is -23212113020303 - 1?
-23212113020310
In base 2, what is 1101001000110010100 + 1010?
1101001000110011110
In base 2, what is 1100100011011 + -100101010?
1011111110001
In base 2, what is 101100101110111110 + 100?
101100101111000010
In base 5, what is 142210 - -4303003?
10000213
In base 6, what is -3234553 + 252?
-3234301
In base 3, what is -11 - -212001002211010?
212001002210222
In base 15, what is 4b - -1582e1?
15833c
In base 13, what is 1537550 - -2?
1537552
In base 6, what is -455015320 - -121?
-455015155
In base 12, what is -1318559 - -21?
-1318538
In base 8, what is -3 - 327530654?
-327530657
In base 15, what is -57e120 - -3?
-57e11c
In base 11, what is 5 - -198482?
198487
In base 10, what is -2182694 + 190?
-2182504
In base 11, what is -54 - -172885a?
1728806
In base 12, what is 1800 + 1a75?
3675
In base 11, what is 1865088 + 47?
1865124
In base 15, what is -13 + -18db1c4?
-18db1d7
In base 2, what is -11000001010001000001 - -10010001?
-11000001001110110000
In base 15, what is 519dd + b?
519e9
In base 12, what is -3423bb + 1?
-3423ba
In base 7, what is 6 + 4145351?
4145360
In base 10, what is 13 + -769152?
-769139
In base 12, what is -4252 + -a37?
-5089
In base 16, what is -1cd - -bc8de?
bc711
In base 8, what is 52604375 + -1?
52604374
In base 16, what is -15c3 - 1035c?
-1191f
In base 7, what is 3 - -5025515546?
5025515552
In base 12, what is -63549109 - -1?
-63549108
In base 12, what is 2 + 10778189?
1077818b
In base 3, what is 2 - -101121000000102?
101121000000111
In base 9, what is 1063 + -113078?
-112015
In base 11, what is 7 - -1061a9?
106205
In base 12, what is 349 - 232063?
-231916
In base 13, what is 1a76 - -3b02?
5878
In base 15, what is -843167 + 1b?
-84314b
In base 4, what is -1230002 - -222203?
-1001133
In base 9, what is 27663 + 1440?
30213
In base 8, what is 634546757 + -4?
634546753
In base 8, what is 1071210 + -105?
1071103
In base 4, what is -331120 - -1213311?
222131
In base 12, what is 13b02 - a63?
1305b
In base 16, what is -5542b + 9?
-55422
In base 9, what is 8 + 5843176?
5843185
In base 16, what is 418d964 + -2?
418d962
In base 7, what is 31 - -412420303?
412420334
In base 7, what is -2061543 + -11613?
-2103456
In base 3, what is 100021210022 + 1211?
100021212010
In base 10, what is -3829101 - 19?
-3829120
In base 14, what is -6823641 + b?
-6823634
In base 10, what is 16 - -4829414?
4829430
In base 8, what is -11213076 - -53?
-11213023
In base 14, what is -28cbdc72 - 5?
-28cbdc77
In base 12, what is -1299a8 + 36?
-129972
In base 2, what is -10000110101010 - 11110001000?
-10100100110010
In base 15, what is -3810 - e2?
-3902
In base 7, what is 114102 + -11645?
102124
In base 3, what is 2102200002 + 100112100?
2210012102
In base 6, what is -10252314145 + -5?
-10252314154
In base 3, what is 1021 - 220211220211?
-220211212120
In base 11, what is 1a5a534 - 3?
1a5a531
In base 9, what is -2803773 + -21?
-2803804
In base 16, what is -3 + 16ef7c3d?
16ef7c3a
In base 9, what is -10 + -13311061?
-13311071
In base 4, what is -211300032011020 - -2?
-211300032011012
In base 11, what is 1 - -457202?
457203
In base 3, what is 1012210211012112111 - 0?
1012210211012112111
In base 14, what is -20 - -cdcb?
cdab
In base 4, what is -233020300 - -123?
-233020111
In base 7, what is -35 - 4000045?
-4000113
In base 2, what is 1010 + 101001011101101011010001111?
101001011101101011010011001
In base 8, what is -1252272222 - -1?
-1252272221
In base 2, what is 1111011000010010101001 + -1001?
1111011000010010100000
In base 13, what is -6 - -7929692?
7929689
In base 2, what is 10 + -11111101010010001010?
-11111101010010001000
In base 4, what is 10 - -20111111130?
20111111200
In base 16, what is 2c3 - ce2b?
-cb68
In base 8, what is -1 - 24347601?
-24347602
In base 11, what is -6a8577 + 5?
-6a8572
In base 14, what is 8b582c + -2?
8b582a
In base 8, what is -2 + -67510516?
-67510520
In base 12, what is 4 + -9839772?
-983976a
In base 10, what is -143748 - 139?
-143887
In base 4, what is -23101031 - 10212?
-23111303
In base 5, what is -30431 - -3413?
-22013
In base 11, what is 330329 - -566?
330894
In base 9, what is 26204832 + -2?
26204830
In base 8, what is 6543731 - -45?
6543776
In base 14, what is 0 + -1ca6170?
-1ca6170
In base 8, what is -1 + 1635477577?
1635477576
In base 8, what is 5 + -107576255?
-107576250
In base 13, what is 1811c204 + 3?
1811c207
In base 15, what is -5 + 386b8?
386b3
In base 6, what is 301442 + -2415?
255023
In base 6, what is 41203042410 + 2?
41203042412
In base 9, what is -1 - 510006521?
-510006522
In base 13, what is -3273 + -2767c?
-2a922
In base 6, what is 1215510 + -1?
1215505
In base 12, what is 27 + -1915276?
-191524b
In base 11, what is 33a1 - 2740?
761
In base 6, what is -32 - 355551?
-400023
In base 15, what is d1a34 - 0?
d1a34
In base 4, what is 200003010 - -332?
200010002
In base 6, what is 515 - -450140?
451055
In base 16, what is 1b7 + 1824f?
18406
In base 11, what is 397104 + 760?
397864
In base 6, what is -231 - -552343?
552112
In base 11, what is 282327 + -17?
282310
In base 12, what is -15 - 3a343b?
-3a3454
In base 16, what is 2 - -54c694?
54c696
In base 11, what is 1 - -3101449?
310144a
In base 8, what is 77465 - 1537?
75726
In base 9, what is -221 - -20810?
20578
In base 10, what is 3373131 + 2?
3373133
In base 11, what is -4303a06 + -31?
-4303a37
In base 15, what is 1c4b7526 + 2?
1c4b7528
In base 10, what is -10 + 6935961?
6935951
In base 12, what is -b - -10867534?
10867525
In base 3, what is -110212 - -211101201221?
211101021002
In base 3, what is -22001 - 10102201?
-10201202
In base 5, what is 4 + -34320233012?
-34320233003
In base 8, what is -131 - 2074651?
-2075002
In base 12, what is 3 + -4617554?
-4617551
In base 7, what is 2431 - -50521?
53252
In base 12, what is -804 + 2066b?
1ba67
In base 11, what is 6 - 63948a9?
-63948a3
In base 10, what is 5 - -5922402?
5922407
In base 11, what is 2106 + -1460?
756
In base 7, what is 410651355 - -5?
410651363
In base 16, what is -260 - -9f89?
9d29
In base 8, what is 1146 + 2660?
4026
In base 11, what is 1747 - 11aa?
548
In base 9, what is -2061413471 + 4?
-2061413466
In base 12, what is 48729 - -bb0?
49719
In base 3, what is -2121022 + -110?
-2121202
In base 5, what is -242